. Suppose 0 = -5*z - 3*h - 9 - 6, 2*h - 10 = 0. Let t be f(z). Suppose 0 = -q - t*d - 2*d + 29, 0 = 4*d. What is the units digit of q?
9
Let r(q) be the third derivative of q**6/120 - q**5/30 - q**4/4 - 10*q**3/3 - 29*q**2. What is the tens digit of r(6)?
8
Let h(f) be the second derivative of f**5/20 + f**4 + f**3/6 + 8*f**2 + 7*f. Let c be h(-12). Suppose -c*s + 0*s = -68. What is the tens digit of s?
1
Let f be 2*(-4)/(-8)*(1 + -1). Suppose -14*a + 10*a + 612 = f. What is the hundreds digit of a?
1
Suppose 23872 = -442*j + 450*j. What is the units digit of j?
4
Let i(y) = 1 - 2*y**3 - 3*y**3 + y**3. Let t be i(1). What is the units digit of t + ((-4)/(-2) - -17)?
6
Suppose 3*j + 4474 = 5*b - 0*j, 5*b - 4462 = -j. What is the units digit of b?
3
Let y(f) = -f**2 - 9*f + 7*f - 15 + 0*f**2 + f. Let t be y(0). Let p = -9 - t. What is the units digit of p?
6
Suppose 0 = 4*f - 4*h + 194 - 710, 653 = 5*f - h. What is the tens digit of f?
3
Let x(z) = -z**2 + 10*z + 19. Let k be x(12). Let m = k + 6. What is the units digit of m?
1
Let d(f) = -696*f - 23. What is the hundreds digit of d(-1)?
6
Suppose 0 = 2*m - j + 581, 4*m + 911 = j - 246. Let z = 469 + m. What is the units digit of z?
1
What is the units digit of (-5)/20 + (-3)/(-12) + 881?
1
Suppose 0 = -18*i + 4*i + 112. Suppose 5 = i*l - 3*l, -3*o + 4*l = -527. What is the tens digit of o?
7
Let f be (2 + 2 + 3)/1. Let b = -6 + f. What is the tens digit of b/(((-6)/57)/(-2))?
1
Let z be ((-4)/6)/(6/(-207)). Let y = -13 + z. What is the tens digit of y?
1
Let p(t) = 5*t**2 + 5*t + 15. Let l(y) = -6*y**2 - 6*y - 14. Let m(w) = -6*l(w) - 5*p(w). What is the units digit of m(-4)?
1
Let u(y) = -y - 10. Let a be u(1). Let d(h) = -7*h - 64. What is the units digit of d(a)?
3
Let a = 133 + 277. What is the units digit of a?
0
What is the tens digit of 412/(10/10)*(-2)/(-4)?
0
Let n = -176 - -320. What is the tens digit of n?
4
Suppose 8 + 14 = 2*b. Let d = b + -12. Let c = 10 + d. What is the units digit of c?
9
Suppose -188*r = -181*r - 16317. What is the thousands digit of r?
2
Suppose -3*y = -19 - 32. Let m = y + -38. What is the units digit of m/(((-30)/4)/5)?
4
What is the units digit of (-3*(-6)/15)/(6/220)?
4
Suppose 2*p + 4*p - 24 = 0. Suppose 3*n - p = -13. What is the tens digit of 925/35 + n/7?
2
Suppose 0 = -3*y + 4*k + 11053, 6*k - 10*k - 3679 = -y. What is the tens digit of y?
8
What is the hundreds digit of 0 + (0 + 6)*960/9?
6
Let h(u) = -u**2 - u + 118. Suppose 4*i = -70 + 70. What is the units digit of h(i)?
8
What is the tens digit of (-6 - -4 - 319)*1/(-1)?
2
Suppose -r + 3 - 1 = 0. Let y be (20/(-8))/((-1)/r). Suppose 5*w + 61 = 4*d + 6*w, y*d + w - 77 = 0. What is the tens digit of d?
1
Let o(q) = -16*q + 181. What is the tens digit of o(-17)?
5
Let n = 283 + -133. Suppose -2*o - 2*c + n = 0, 0*o - 3*c = -4*o + 335. What is the units digit of o?
0
Let b(z) = 3*z**2 + 6*z - 7. What is the units digit of b(8)?
3
Suppose 6*t = t + 150. Let b = -17 + t. Suppose 2*d + b = 69. What is the tens digit of d?
2
Suppose -o + 5*p = -15, 5*o + 5*p - 7 + 22 = 0. Suppose k - 3*k = -3*d - 208, o = -2*k - 5*d + 240. What is the hundreds digit of k?
1
Suppose 0*u + 5*u = k - 800, -3*k - 2*u = -2332. Suppose -3*w + 567 = -o + 4*o, 4*w - 4*o = k. What is the hundreds digit of w?
1
Let d be ((-8)/3 + 0)*(-225)/100. Let o(m) = 3*m + 22. What is the tens digit of o(d)?
4
Suppose -28 = 4*v + 5*s, -v - 14 = s + 2*s. What is the units digit of (1/v)/((6 - -2)/(-2896))?
1
Suppose -3240 = -40*a + 28*a. What is the hundreds digit of a?
2
Let k(c) = 11*c**2 - 16*c + 12. What is the thousands digit of k(-11)?
1
Suppose 0 = -s + 2*u - u + 116, 5*s + 2*u = 580. Suppose -4*t + s + 84 = 0. What is the units digit of t?
0
Let h = 84 - 167. Let g = 153 + h. What is the units digit of g?
0
Suppose p = 2*t + 14, 7*p - 4*p = -4*t + 22. What is the units digit of 2 + -2 + p/2?
5
Let c = 885 - 316. What is the hundreds digit of c?
5
Suppose 3*k - 4 = 17. Suppose b - 21 = 3*i, -3*b + i = -k*b + 71. Suppose -3*q + 45 = -b. What is the units digit of q?
1
Let r(g) = 4*g**2 + 21*g + 20. Let n be r(-15). Suppose 5*i - 2*m - 244 = 336, -5*i = 3*m - n. What is the tens digit of i?
1
Let f = -453 - -1613. Suppose 0 = 30*k - 26*k - f. What is the hundreds digit of k?
2
Suppose l + 2220 = 3*h, 2*h + 12*l - 1480 = 8*l. What is the units digit of h?
0
Let f(h) = 8*h**2 - 5*h + 1. Suppose -q = 5*y - 2*q - 14, 5*q = -2*y - 16. What is the units digit of f(y)?
3
Let x(z) = 53*z**2 - 5 + 14 + 2*z - 8. What is the units digit of x(-1)?
2
Suppose -4*d + 12 = -2*t, -11*t + 6*t - 17 = 3*d. Let i(s) be the second derivative of s**5/10 + s**4/12 - s**3/3 + s**2/2 - s. What is the units digit of i(d)?
2
Suppose 2*w - 3*c + 13 = 0, 2*w + 0*w - 8 = -4*c. Let g = 18 - 21. What is the tens digit of 0 - (g - w) - -59?
6
Let o(n) = 6*n + 156. What is the units digit of o(26)?
2
Suppose 4*k - 5073 = -15*k. What is the units digit of k?
7
What is the thousands digit of 11/1*-4*2256/(-32)?
3
Let t(u) = u**3 - 15*u**2 - 13*u + 25. Let w(j) = j**3 + 9*j**2 - 3*j - 11. Let c be w(-9). What is the units digit of t(c)?
3
Let w be (-618)/2*(0 - (-2)/(-6)). Let b = 217 - w. What is the tens digit of b?
1
Suppose 25*x - 30 = 20*x. What is the units digit of 5 - x - (-1 - (-332)/(-4))?
3
Let d = -27 + -40. Let c = -34 - d. Let r = c + 5. What is the units digit of r?
8
Let w = -3 - -3. Suppose -3*q - 4*o + 64 = -w*o, 4*q - 5*o = 106. What is the units digit of q?
4
Let v be 3 - 6 - -7 - 0. Suppose -124 = -3*o - v*p, 3*o - 2*p - 128 = -7*p. What is the tens digit of o?
3
Suppose -24 = -4*v - 0*v. Let o(g) = 17 + 5*g**2 - 38 - g**3 + 21 + 7*g. What is the units digit of o(v)?
6
What is the units digit of 4/6 - (-294865)/255?
7
Let n(j) be the first derivative of 2*j**3/3 + 17*j**2/2 + 7*j + 18. What is the units digit of n(-9)?
6
Suppose 68*c - 66*c = -314. Let t = -80 - c. What is the units digit of t?
7
What is the hundreds digit of 106 - (-1 + 7/((-21)/(-12)))?
1
Let w(c) = c. Let p(h) = 169*h - 1. Let f(t) = -p(t) + 6*w(t). What is the tens digit of f(-1)?
6
Suppose 3*g + 0*t - 2*t - 1927 = 0, 0 = 2*t - 8. What is the tens digit of g?
4
Suppose d - 2*y + 9 = 2*y, 0 = 4*y - 12. Suppose 0*f = d*f - 282. What is the units digit of f?
4
Let p(d) be the third derivative of d**6/120 + d**5/5 - 11*d**4/12 + 11*d**3/6 - 5*d**2. What is the tens digit of p(-13)?
2
Suppose -a - 7 + 16 = 0. What is the tens digit of (188/(-6))/(4 + (-39)/a)?
9
Suppose s = 3*u - 47, 5*u = -s + 23 + 50. Let b be 3/(-5) - (-99)/u. Let r = b + 18. What is the units digit of r?
4
Let z(u) = 3*u**2 - 39*u - 60. What is the hundreds digit of z(-36)?
2
Let h be 40/(-70) - 36/(-14). Suppose -89 = -h*x + 27. What is the units digit of x?
8
Suppose -q + 4*w - 2*w = -26, -w - 1 = 0. Let s = q - 18. Suppose -10*o = -8*o - s. What is the units digit of o?
3
Let d(m) = m**2 - 4*m - 27. Let r be -25*((-5 - -3) + 8/5). What is the tens digit of d(r)?
3
Let r = -2797 + 5596. What is the hundreds digit of r?
7
Suppose -2*l + 10 = h, 10 = -5*h - 2*l + 28. What is the units digit of h?
2
Suppose -3*p = -0*l - 3*l, -25 = 5*p. Let j be 7*(-5)/(l/3). Let u = 32 - j. What is the units digit of u?
1
Let p(t) = -t**3 + 20*t**2 + 2*t - 19. Suppose 29*i = 32*i - 60. What is the tens digit of p(i)?
2
Suppose -165 = 3*c + 327. Let j = c - -322. What is the tens digit of j?
5
Suppose -4649 = -5*d - 3*n + 2089, 5*d = -5*n + 6730. What is the hundreds digit of d?
3
Let x(q) = 48*q**3 + q**2 - 3*q + 2. Let i be x(1). Let l = 135 - i. What is the tens digit of l?
8
Let v(c) = 10*c**3 + 8*c**2 + c - 3. Let k be v(4). Let t = k - 541. What is the hundreds digit of t?
2
Let a(c) = 119*c + 43. What is the units digit of a(6)?
7
Suppose -6206 = -2*l - 5*u, 4*u + 13845 = 3*l + 4513. What is the tens digit of l?
0
Let h(w) = w**2 + 13*w + 42. Let b be h(-6). Let l(f) be the second derivative of -f**3/3 + 12*f**2 - f. What is the tens digit of l(b)?
2
Let y(i) = 84*i**2 - i + 21. What is the hundreds digit of y(6)?
0
Suppose 0 = 14*f - 25 - 45. Suppose -3*i - f*r = 86 - 477, -107 = -i + 3*r. What is the tens digit of i?
2
Let i = -1382 + 2350. What is the units digit of i?
8
Suppose x = 111 - 41. Let o = x + -57. What is the